 - x*j = -1080. What is the remainder when j is divided by 3?
0
Let f = 87 - 16. Let i = f - -5. Let n = 1147 - 1131. Calculate the remainder when i is divided by n.
12
Suppose 136*d + 5514535 = 351*d. Calculate the remainder when d is divided by 44.
41
Let m = -14400 + 14460. What is the remainder when 587 is divided by m?
47
Let o(z) = 324*z**3 - z**2 - z + 1. Let i be o(1). Let s = i - 311. Calculate the remainder when s is divided by 5.
2
Let g = 17224 - 17209. Calculate the remainder when 7588 is divided by g.
13
Suppose -6*o + 576 = -2*o. Calculate the remainder when o is divided by ((-78)/(-130) + (-16)/10)*-49.
46
Let f be (3 - -3)/((-18)/(-1143)). Let c = 565 - f. What is the remainder when c is divided by 66?
52
Let o(q) = -q**3 + 6*q**2 + 20*q - 18. Let x be o(8). Suppose -k = x*k - 630. What is the remainder when k is divided by 15?
12
Let n = -15788 + 15796. Calculate the remainder when 1491 is divided by n.
3
Suppose -54*y - 118 = -3*v - 56*y, 3*y = 5*v - 184. What is the remainder when 1136 is divided by v?
34
Suppose 13*g - 407 = -134. Calculate the remainder when 94 is divided by g.
10
Calculate the remainder when 723 is divided by (1*6/(-33) - (-81)/(-99)) + 14.
8
Let u = -9263 - -9399. Let q(n) = -n + 47. What is the remainder when u is divided by q(15)?
8
Let f(b) = -b**3 - 6*b**2 + 11*b - 7. Let p(u) = -u**3 + 4*u**2 - 3*u + 15. Let x be p(4). What is the remainder when f(-8) is divided by 1/(x - (-100)/(-35))?
5
Let s = 290 + -28. Let g = -311 + 330. What is the remainder when s is divided by g?
15
Suppose -5*p - 3*o = -2112, -3*p - o + 1240 + 28 = 0. Calculate the remainder when p is divided by 138.
9
Suppose -4*t = -5*i - 450, 256 = -5*t - 2*i + 802. What is the remainder when t is divided by 10?
0
Suppose 0 = -6*b + 10 + 2. Suppose 2*x + 301 = o - 17, b*x - 914 = -3*o. What is the remainder when o is divided by 62?
60
Suppose 43*b = 87*b + 447 - 1371. What is the remainder when 18684 is divided by b?
15
Suppose -8*w + 165 = -5*w. Suppose -58*u + w*u + 339 = 0. Calculate the remainder when u is divided by 13.
9
Suppose -55*n + 1512 = 8*n. What is the remainder when 177 is divided by n?
9
Let x = 2835 - 2781. Let s = 114 + -77. Suppose s + 440 = 3*h. What is the remainder when h is divided by x?
51
Suppose -154*p + 27846 = -p. Calculate the remainder when 535 is divided by p.
171
Let q(y) = 3*y + 5. Let j be q(-4). Let g(n) = n**2 + 7*n + 6. What is the remainder when (-2)/(-12) - (15/(-18) + -13) is divided by g(j)?
2
Let r(j) = 50 + 14*j - 3*j - 8*j - 4*j. What is the remainder when r(16) is divided by 9?
7
Let s be 1 + -1 + -1 + (-2)/(-2). Suppose -2*a - 4*w = 12, 4*a + 2 = 3*w - s. What is the remainder when (-1 + a/(-3))*(9 + -87) is divided by 6?
2
Suppose 15 = 3*b, -3*b = -4*v + 341 + 728. What is the remainder when 858 is divided by v?
45
Let c be (-26)/(-65) - 46/(-10). Suppose c*d = -5*a + 460 - 100, 2*a + 221 = 3*d. Calculate the remainder when d is divided by 11.
7
Let l(d) = 30 - 22*d + 41*d - 18*d. What is the remainder when l(2) is divided by 9?
5
Let n(w) = 14*w**2 - 18*w + 34. Let u(h) = 5*h + 38. Let a be u(-7). What is the remainder when n(a) is divided by 18?
16
Suppose 3*m - 4*j = -0*m + 443, 5*m - 729 = 2*j. Suppose 0 = 3*a - 55 - 56. What is the remainder when m is divided by a?
34
Let r be (2 + (-3)/6)*(-336)/18. Calculate the remainder when 208 is divided by 3/4 - 399/r.
13
Suppose -q + 70 = 4*q. Let t(k) = 42*k - 2515. What is the remainder when t(61) is divided by q?
5
Let u be 8*(2/(-4) + 1). What is the remainder when 104 is divided by u/50 + (-4906)/(-550)?
5
Suppose -s + 1310 = 3*v + 1229, 259 = 4*s - v. What is the remainder when 3029 is divided by s?
59
Let k = 39 + -27. Suppose 0 = g - 23 + k. Suppose -2*x + g = -5. What is the remainder when x is divided by 2?
0
Suppose -41*i + 37*i + 976 = -4*v, -4*i = v - 986. Calculate the remainder when 741 is divided by i.
3
Let s be (-7728)/(-70) + -3 + 54/15. Let w = -86 + s. Let j(f) = f + 97. Calculate the remainder when j(0) is divided by w.
22
Suppose -2691 + 3051 = 4*j. What is the remainder when 156 is divided by j?
66
Suppose k + 2*o = 5*k, -k - o + 6 = 0. Suppose -2*l + 18 = -5*x, 0 = l + 5*x - k + 8. Calculate the remainder when 76 + -10 + l + 0 is divided by 12.
10
Let a = 160 - 159. What is the remainder when (-267)/2*(-4)/6 is divided by 47 - 0 - (a - 4)/(-3)?
43
Suppose 5*a + 8 = 2*u - 0*a, -3*a + 20 = 5*u. Suppose -3*b = u*b - 84. What is the remainder when 107 is divided by b?
11
Suppose 3*d - 2*y = 14, -2*d - y - 10 = -5*d. Let z be -14 + d*(-2)/(-4). Let v = z + 24. Calculate the remainder when v is divided by 6.
5
Suppose 3*k - 85 = -5*y, 0 = -4*k + 713*y - 716*y + 117. What is the remainder when 259 is divided by k?
19
Let z = 216 + -214. Suppose 453 = -5*f + z*s + 1360, 0 = -5*f - 3*s + 902. Calculate the remainder when f is divided by 62.
57
Suppose 5*o + 13306 = 4*w, -2*w + 13*o + 6666 = 17*o. Calculate the remainder when w is divided by 145.
139
Suppose a - 6*a + 155 = 0. What is the remainder when a is divided by ((-3912)/(-4401))/((-8)/(-36))?
3
Suppose -15*f = -3174 - 801. Calculate the remainder when f is divided by 90.
85
Let b(c) = 646*c + 6497. What is the remainder when 1518 is divided by b(-10)?
1
Let t(p) = -50*p - 682. What is the remainder when 2311 is divided by t(-15)?
67
Suppose 8*p = 9*p - 5*h - 20, -3*p + 5*h + 60 = 0. What is the remainder when 615 is divided by p?
15
Let r(w) = -10*w + 5. Suppose 0 = -4*z - 4*g + 39 - 7, 5*z - 16 = g. Calculate the remainder when r(-5) is divided by 4505/159 + z/6.
26
Let p(a) = 55*a**2 - 9*a. Suppose 2*k = 5*b - 3, -1 = 5*k + b - 7. What is the remainder when p(k) is divided by 24?
22
Suppose 455 = 45*o - 52*o. Let w = 71 + o. Let f = -2 - -9. What is the remainder when f is divided by w?
1
Let u(d) = d + 30. Let l be 32/128 + (33/4)/3. Suppose -1 = 2*o - 5, -o + 47 = -l*v. Calculate the remainder when 59 is divided by u(v).
14
Let p(q) = 46*q**2 + 19*q + 138. Let t(c) = 23*c**2 + 10*c + 70. Let n(s) = -4*p(s) + 9*t(s). What is the remainder when n(-4) is divided by 7?
5
Let q = -313 + 304. Calculate the remainder when 151 is divided by 28/((-20)/q + 22/(-99)).
11
Suppose -2*v = o - 1942, 5*v + 3896 = 9*v + 4*o. What is the remainder when v is divided by 81?
77
Let h = 302 + -236. Suppose 4*f - 7*w = -4*w + h, -3*w + 96 = 5*f. What is the remainder when 197 is divided by f?
17
Let g be -2 - -2 - (1 - 2). Let x(h) = 14*h - 1. Calculate the remainder when (-9)/90 - (-1004)/40 is divided by x(g).
12
Let k be -3 + 2965*9/45. Suppose -574*i + k*i = 9776. Calculate the remainder when i is divided by 18.
17
Let i(z) = -2*z**2 + 18*z + 44. Let x be i(11). Suppose -5*y = -2*n - 2*y + 95, x = 4*n + y - 183. Calculate the remainder when 117 is divided by n.
25
Suppose -5*o + 511 = -s - 267, -4*o + 635 = -5*s. Calculate the remainder when 524 is divided by o.
59
Suppose 17*c = 13*c + 64. Suppose -g - 17 = -c. Calculate the remainder when 3 is divided by ((9 - 3)/g)/(-2 - 0).
0
Suppose 11 = 4*d + 5*j - 5, -5*d - 4*j = -29. Let u(o) = 6*o + 48. Calculate the remainder when u(d) is divided by 14.
4
What is the remainder when 7853102/3182 - (-8)/344 is divided by 99?
92
Suppose -3*s + 15 = -6*s. Let v(g) = 20*g**2 + 32*g + 7. Calculate the remainder when v(s) is divided by 58.
57
Let w = 7201 - 6242. What is the remainder when w is divided by 25?
9
Let i(h) = 22*h + 358. Calculate the remainder when i(-15) is divided by 3.
1
Let d = 2812 + -1091. What is the remainder when d is divided by 115?
111
Suppose 4*x - 1 = -3*d - x, 4*x + 4 = 0. Suppose -d*c = -g + 4*g - 11, 23 = -4*c + 3*g. Let w = 1 - c. What is the remainder when 10 is divided by w?
1
Suppose -16*d + 75 = -5*d + 14*d. What is the remainder when 160 is divided by d?
1
Let r = -242 - -572. Suppose -5*w = -4*z - 541, -4*w = -w + 3*z - r. What is the remainder when w is divided by 33?
10
Let i(q) = 4*q**2 - 14*q**3 + 1 - 2*q + 11*q**3 + 4*q**3 + q**2. Calculate the remainder when i(-2) is divided by 5.
2
Let h = 62 + 8. What is the remainder when h is divided by ((-7)/(-2))/(((-679)/12)/(-97))?
4
Suppose -d = -2*n - 15, 2*d - n + 2*n - 45 = 0. Let t(k) = -11*k + 3. What is the remainder when t(-5) is divided by d?
16
Let r 